prime factors of c.
2, 23
Let p = 32 + -63. Let q = p + 35. Suppose o + 0*t = t + 61, q*t + 76 = o. What are the prime factors of o?
2, 7
Let r(m) = m + 1. Let h be r(2). Suppose h*v = -4*i - 5 - 2, -v - 7 = -i. List the prime factors of (i + -3)*(2 + -21).
19
Let y = 17 - 13. Let q be (y/(-16))/((-2)/40). Suppose -n + 3*u + 32 = 0, n + q*u - 44 = 28. List the prime factors of n.
47
Let i(d) = 3*d**2 + 5*d - 2. Let y be i(-4). Let b = -24 + y. What are the prime factors of b?
2
Let j(z) = 2*z + 49. Let n be j(-21). Suppose 0 = n*m + 2*m - 1962. List the prime factors of m.
2, 109
Let m = -291 - -411. List the prime factors of m.
2, 3, 5
Let t(b) = b**2 - b + 7. Let o be t(0). Suppose -o*f - 3*s + 79 = -2*f, -s - 87 = -5*f. What are the prime factors of f?
17
Suppose 0 = -8*m + 3816 + 1952. List the prime factors of m.
7, 103
Let o be (68/16)/((-4)/(-16)). Suppose -o = -k + 39. What are the prime factors of k?
2, 7
Let g = -9 - -12. Suppose -2*u + g*a + 44 = 4*a, u + a - 20 = 0. Let r = 34 - u. What are the prime factors of r?
2, 5
Let n = -123 - -197. Let y = n - 21. List the prime factors of y.
53
Suppose 261 + 117 = 7*z. What are the prime factors of z?
2, 3
Let s = -21 - -23. Let b(p) = 8 - 6*p**s - p**2 + 6*p**2 + p + 2*p**2. List the prime factors of b(6).
2, 5
Let h be ((15/10)/(-3))/((-1)/2). Let k(b) = 84*b**2 - 4*b - 1. List the prime factors of k(h).
79
Let x(h) = -1 + 5*h - 2*h + 9. Suppose 9*c - 15 = 39. What are the prime factors of x(c)?
2, 13
Let k = 5886 - 1259. What are the prime factors of k?
7, 661
Suppose 34*v = -34*v - 204. Let q(w) = -9 + 0 - 9*w - 5*w. What are the prime factors of q(v)?
3, 11
Let x(w) = -w**3 + 6*w**2 + w + 1912. What are the prime factors of x(0)?
2, 239
Let b = 12 - 12. Let s(o) = -1 + 2 + b*o + 5*o. List the prime factors of s(1).
2, 3
Suppose 0 = 24*a - 54003 - 2229. List the prime factors of a.
3, 11, 71
Let v(c) = 1998*c - 9. What are the prime factors of v(1)?
3, 13, 17
Suppose -3*u - 11 = -u - o, 0 = -2*u - 4*o + 14. What are the prime factors of -3 - -4 - -67 - u?
71
Suppose -t + 4 = 0, 0 = -4*p - 5*t + 2216 - 676. Suppose -2*m = -5*x - p + 96, -3*m + 401 = 5*x. List the prime factors of m.
137
Let g = -157 + 159. Suppose 83 - 553 = -g*n. What are the prime factors of n?
5, 47
Let k(x) = -15*x + 33. Let u(l) = -22*l + 50. Let m(d) = -7*k(d) + 5*u(d). What are the prime factors of m(3)?
2
Suppose t = 2*t. What are the prime factors of (t + -1)/((-5)/290)?
2, 29
Let a be ((-4)/6)/(3/366)*3. Let d = a + 429. List the prime factors of d.
5, 37
Let c(z) = 171*z**2 + z + 2. Let i = -116 + 115. What are the prime factors of c(i)?
2, 43
Let w = 2065 - 1213. What are the prime factors of w?
2, 3, 71
Suppose -22*v - 2538 = -28*v. List the prime factors of v.
3, 47
Suppose 19*g - 6*g = 2158. What are the prime factors of g?
2, 83
Let x(h) = 20*h - 12. Let r be x(5). Let m = r - 56. Let a = 70 - m. List the prime factors of a.
2, 19
Suppose -v + 96 = -200. List the prime factors of v.
2, 37
Let l be (-442)/(-11) - (-14)/(-77). Let r = l - 18. Let y = 62 - r. List the prime factors of y.
2, 5
Suppose -2*m + 2 = 0, 189 + 223 = k - 2*m. List the prime factors of k.
2, 3, 23
Let u(g) be the second derivative of -g**7/2520 - g**6/144 - g**5/60 - g**4/2 + g. Let b(i) be the third derivative of u(i). List the prime factors of b(-2).
2
Let z be (-1)/(-6)*-4*-6. Suppose 4*x + 9 = -2*t + 3, 5*x = z*t + 25. Let h = 23 + t. What are the prime factors of h?
2, 3
Suppose -214*n + 228*n - 2044 = 0. What are the prime factors of n?
2, 73
Let h(l) = l**3 + 11*l**2 + 10*l + 15. Let j be -4*(-3)/12 + -177. Let w be (-6)/27 - j/(-18). What are the prime factors of h(w)?
3, 5
Let h(j) = j**2 - 15*j - 46. Let w be 3/(-24)*62 - (-1)/(-4). List the prime factors of h(w).
2, 3, 23
Let h(b) = -2*b**2 + 9 - 14 - b**3 - 3*b**2 - 5*b. What are the prime factors of h(-5)?
2, 5
Suppose 2 = -o, 2*m + 2*o = 107 + 4521. What are the prime factors of m?
2, 3, 193
Let t(i) = -i + 16. Let x(n) = n**3 - n**2 + n + 9. Let y be x(0). Suppose 0 = -2*u + y - 27. What are the prime factors of t(u)?
5
Let a(p) = 12*p**3 - 2*p**2 + 2. Let k be a(2). Suppose 0*v = v - k. List the prime factors of 1100/v + (-2)/9.
2, 3
Let g(o) be the second derivative of o**5/20 - 2*o**4/3 + 11*o**3/6 - 7*o**2/2 - o. List the prime factors of g(7).
3, 7
Suppose -17 = 5*g - 2*a, -4*a + 2 = 2*g + 4. What are the prime factors of (-3 + 4 + g + -121)/(-1)?
3, 41
List the prime factors of (1426/(-4) + -4)*40/(-70).
2, 103
Let g be ((-27)/(-18))/(2/16). Let u(t) = -4*t**2 + 4*t**2 - 12 + t**2 - 9*t. List the prime factors of u(g).
2, 3
Let u = -26 + 32. Suppose -51 = -u*j + 3*j. List the prime factors of j.
17
Suppose -72 = 3*m - 9*m. List the prime factors of m.
2, 3
Suppose 27 = 8*z + 1371. Let x = 367 + z. List the prime factors of x.
199
Suppose -9*f + 10*f = -2*m + 11452, 2*m + 3*f = 11452. List the prime factors of m.
2, 7, 409
Suppose 108599 = 71*f - 94319. What are the prime factors of f?
2, 1429
Let i = -27 - -29. Suppose -482 = -3*h - 2*q - 2*q, h - 144 = i*q. What are the prime factors of h?
2, 7, 11
Let p(o) = -o**3 - 16*o**2 - 20*o + 18. What are the prime factors of p(-19)?
1481
Suppose 0 = -5*l + o - 2, 5*l + 4*o + 5 - 13 = 0. Suppose l = 13*r - 8*r + 435. List the prime factors of (-1 + r)*9/(-18).
2, 11
Suppose 63 = -3*a + 270. Suppose a = -4*s - 23. Let g = s + 50. What are the prime factors of g?
3
Suppose n + 23 = -45. Let a = n - -120. What are the prime factors of a?
2, 13
Suppose -21 = -3*x - 1080. Let p be x/6 + (-2)/12. Let n = p + 91. What are the prime factors of n?
2
Let x = 13 - 10. Suppose -x*c + 177 = 3*r, -r = -c - 3 - 62. List the prime factors of r.
2, 31
Let b be 2 + (25 - -2 - 0). Suppose 5*u + 2*y - b - 38 = 0, -55 = -4*u - 3*y. Let z = -7 + u. List the prime factors of z.
2, 3
Let s(z) = 194*z**3 - z**2 + z + 1. Let o(l) = 194*l**3 - l**2 + 2*l. Let h(m) = -2*o(m) + 3*s(m). What are the prime factors of h(1)?
3, 5, 13
List the prime factors of 6/5*-436*(-25)/8.
3, 5, 109
List the prime factors of (-140)/25*-129 - (-10)/(-25).
2, 19
Let i(u) = 6*u**3 - 6*u**2 - u + 10. List the prime factors of i(4).
2, 3, 7
Let p = 4034 + -653. What are the prime factors of p?
3, 7, 23
List the prime factors of ((-162)/18 - -142) + -1*5.
2
Let l(x) = -x**2 + 13*x + 13. Let p be l(14). Let i be p/(-3) - 256/12. List the prime factors of (-14)/i + (-86)/(-6).
3, 5
Let r(g) = -454*g - 12. What are the prime factors of r(-4)?
2, 11, 41
Let d(q) = 25*q + 26. What are the prime factors of d(18)?
2, 7, 17
Suppose -2*i + 1 - 7 = 0. Let s = i + 15. List the prime factors of 152/s + 4/(-6).
2, 3
Let a be 4 + 0 - 2 - 0. Suppose -5*h = w - 2*w - 4, 0 = a*w + 5*h - 22. List the prime factors of w*(-4 + (0 - -6)).
2, 3
Suppose 11 - 46 = q - 4*n, -2*n - 40 = 2*q. Let k be (-1 + (29 - -3))*-1. Let l = q - k. List the prime factors of l.
2
Suppose o = 30 + 54. List the prime factors of 5*(-4)/(-60)*o.
2, 7
Let n be (0 - 2) + (-1 - -10). Suppose -7*r = r - 40. List the prime factors of (n + 4)*(r + -1).
2, 11
Suppose -3*l - 12 = -4*s, 0 = -3*s + 10 - 1. Suppose l = -2*t + 4*t - 146. Suppose -2*j + 54 = -4*i, t = -2*j + 6*j - i. What are the prime factors of j?
17
Suppose -108 = -2*a + 704. What are the prime factors of a?
2, 7, 29
Let w(z) = -z**2 - 12*z - 12. Let a be w(-12). Let g = a - -12. List the prime factors of (-1 - -3 - -57) + g.
59
Let y(i) = i**3 - i**2 - i + 12. Let v be y(0). Let x = -4 + v. List the prime factors of x.
2
Suppose 2*h - 2*g - 146 = 440, 0 = -g. List the prime factors of h.
293
Let f = -7 - 5. Let s be 2 - (f/(-4) - 6). Suppose 0 = -3*n + s*n - 58. What are the prime factors of n?
29
Let h be ((-570)/(-45))/(2/24). Let n = h + -81. What are the prime factors of n?
71
Suppose -3*x - h + 126 = 0, -137 = -4*x + 3*h + 18. Let v = 121 + x. List the prime factors of v.
2, 3
Let z(d) = 2*d**3 - 4*d**2 + 2*d + 3. Let m be z(3). Let b = 27 - m. Suppose 6*o - 3*o - 201 = b. What are the prime factors of o?
67
Let z = 1922 - -153. List the prime factors of z.
5, 83
Suppose 0 = -2*v + 3*n + 9, 5*v + 0*n = n + 16. Suppose 5*h = -4*u + 308, -6*h + v*h - 4*u = -188. List the prime factors of h.
2, 3, 5
Suppose 0 = -128*o - 217104 + 717584. List the pri